{"id":22,"date":"2023-09-01T08:16:56","date_gmt":"2023-09-01T06:16:56","guid":{"rendered":"http:\/\/lucasdelvallet.fr\/?page_id=22"},"modified":"2023-09-04T20:59:49","modified_gmt":"2023-09-04T18:59:49","slug":"portfolio","status":"publish","type":"page","link":"https:\/\/lucasdelvallet.fr\/","title":{"rendered":"Portfolio"},"content":{"rendered":"","protected":false},"excerpt":{"rendered":"","protected":false},"author":1,"featured_media":0,"parent":0,"menu_order":0,"comment_status":"closed","ping_status":"closed","template":"","meta":{"site-container-style":"default","site-container-layout":"default","site-sidebar-layout":"default","disable-article-header":"default","disable-site-header":"default","disable-site-footer":"default","disable-content-area-spacing":"default","footnotes":""},"class_list":["post-22","page","type-page","status-publish","hentry"],"yoast_head":"<!-- This site is optimized with the Yoast SEO plugin v27.3 - https:\/\/yoast.com\/product\/yoast-seo-wordpress\/ -->\n<title>Portfolio - Lucas Delvallet<\/title>\n<meta name=\"description\" content=\"Portfolio personnel de Lucas Delvallet. Jouez \u00e0 plus de 10 ans de jeux vid\u00e9o ind\u00e9pendant d\u00e9velopp\u00e9 par moi-m\u00eame\" \/>\n<meta name=\"robots\" content=\"index, follow, max-snippet:-1, max-image-preview:large, max-video-preview:-1\" \/>\n<link rel=\"canonical\" href=\"https:\/\/lucasdelvallet.fr\/\" \/>\n<meta property=\"og:locale\" content=\"fr_FR\" \/>\n<meta property=\"og:type\" content=\"article\" \/>\n<meta property=\"og:title\" content=\"Portfolio - Lucas Delvallet\" \/>\n<meta property=\"og:description\" content=\"Portfolio personnel de Lucas Delvallet. Jouez \u00e0 plus de 10 ans de jeux vid\u00e9o ind\u00e9pendant d\u00e9velopp\u00e9 par moi-m\u00eame\" \/>\n<meta property=\"og:url\" content=\"https:\/\/lucasdelvallet.fr\/\" \/>\n<meta property=\"og:site_name\" content=\"Lucas Delvallet\" \/>\n<meta property=\"article:modified_time\" content=\"2023-09-04T18:59:49+00:00\" \/>\n<meta name=\"twitter:card\" content=\"summary_large_image\" \/>\n<script type=\"application\/ld+json\" class=\"yoast-schema-graph\">{\"@context\":\"https:\\\/\\\/schema.org\",\"@graph\":[{\"@type\":\"WebPage\",\"@id\":\"https:\\\/\\\/lucasdelvallet.fr\\\/\",\"url\":\"https:\\\/\\\/lucasdelvallet.fr\\\/\",\"name\":\"Portfolio - Lucas Delvallet\",\"isPartOf\":{\"@id\":\"https:\\\/\\\/lucasdelvallet.fr\\\/#website\"},\"datePublished\":\"2023-09-01T06:16:56+00:00\",\"dateModified\":\"2023-09-04T18:59:49+00:00\",\"description\":\"Portfolio personnel de Lucas Delvallet. Jouez \u00e0 plus de 10 ans de jeux vid\u00e9o ind\u00e9pendant d\u00e9velopp\u00e9 par moi-m\u00eame\",\"breadcrumb\":{\"@id\":\"https:\\\/\\\/lucasdelvallet.fr\\\/#breadcrumb\"},\"inLanguage\":\"fr-FR\",\"potentialAction\":[{\"@type\":\"ReadAction\",\"target\":[\"https:\\\/\\\/lucasdelvallet.fr\\\/\"]}]},{\"@type\":\"BreadcrumbList\",\"@id\":\"https:\\\/\\\/lucasdelvallet.fr\\\/#breadcrumb\",\"itemListElement\":[{\"@type\":\"ListItem\",\"position\":1,\"name\":\"Accueil\",\"item\":\"https:\\\/\\\/lucasdelvallet.fr\\\/\"},{\"@type\":\"ListItem\",\"position\":2,\"name\":\"Portfolio\"}]},{\"@type\":\"WebSite\",\"@id\":\"https:\\\/\\\/lucasdelvallet.fr\\\/#website\",\"url\":\"https:\\\/\\\/lucasdelvallet.fr\\\/\",\"name\":\"Lucas Delvallet\",\"description\":\"Portfolio\",\"publisher\":{\"@id\":\"https:\\\/\\\/lucasdelvallet.fr\\\/#\\\/schema\\\/person\\\/4c41ef0fe366efcc46e85921ea0070c5\"},\"potentialAction\":[{\"@type\":\"SearchAction\",\"target\":{\"@type\":\"EntryPoint\",\"urlTemplate\":\"https:\\\/\\\/lucasdelvallet.fr\\\/?s={search_term_string}\"},\"query-input\":{\"@type\":\"PropertyValueSpecification\",\"valueRequired\":true,\"valueName\":\"search_term_string\"}}],\"inLanguage\":\"fr-FR\"},{\"@type\":[\"Person\",\"Organization\"],\"@id\":\"https:\\\/\\\/lucasdelvallet.fr\\\/#\\\/schema\\\/person\\\/4c41ef0fe366efcc46e85921ea0070c5\",\"name\":\"Lucas Delvallet\",\"image\":{\"@type\":\"ImageObject\",\"inLanguage\":\"fr-FR\",\"@id\":\"https:\\\/\\\/lucasdelvallet.fr\\\/wp-content\\\/uploads\\\/2023\\\/09\\\/cropped-Moi-Pixel-Grand-Blanc-2.png\",\"url\":\"https:\\\/\\\/lucasdelvallet.fr\\\/wp-content\\\/uploads\\\/2023\\\/09\\\/cropped-Moi-Pixel-Grand-Blanc-2.png\",\"contentUrl\":\"https:\\\/\\\/lucasdelvallet.fr\\\/wp-content\\\/uploads\\\/2023\\\/09\\\/cropped-Moi-Pixel-Grand-Blanc-2.png\",\"width\":512,\"height\":512,\"caption\":\"Lucas Delvallet\"},\"logo\":{\"@id\":\"https:\\\/\\\/lucasdelvallet.fr\\\/wp-content\\\/uploads\\\/2023\\\/09\\\/cropped-Moi-Pixel-Grand-Blanc-2.png\"},\"sameAs\":[\"http:\\\/\\\/lucasdelvallet.fr\"]}]}<\/script>\n<!-- \/ Yoast SEO plugin. -->","yoast_head_json":{"title":"Portfolio - Lucas Delvallet","description":"Portfolio personnel de Lucas Delvallet. Jouez \u00e0 plus de 10 ans de jeux vid\u00e9o ind\u00e9pendant d\u00e9velopp\u00e9 par moi-m\u00eame","robots":{"index":"index","follow":"follow","max-snippet":"max-snippet:-1","max-image-preview":"max-image-preview:large","max-video-preview":"max-video-preview:-1"},"canonical":"https:\/\/lucasdelvallet.fr\/","og_locale":"fr_FR","og_type":"article","og_title":"Portfolio - Lucas Delvallet","og_description":"Portfolio personnel de Lucas Delvallet. Jouez \u00e0 plus de 10 ans de jeux vid\u00e9o ind\u00e9pendant d\u00e9velopp\u00e9 par moi-m\u00eame","og_url":"https:\/\/lucasdelvallet.fr\/","og_site_name":"Lucas Delvallet","article_modified_time":"2023-09-04T18:59:49+00:00","twitter_card":"summary_large_image","schema":{"@context":"https:\/\/schema.org","@graph":[{"@type":"WebPage","@id":"https:\/\/lucasdelvallet.fr\/","url":"https:\/\/lucasdelvallet.fr\/","name":"Portfolio - Lucas Delvallet","isPartOf":{"@id":"https:\/\/lucasdelvallet.fr\/#website"},"datePublished":"2023-09-01T06:16:56+00:00","dateModified":"2023-09-04T18:59:49+00:00","description":"Portfolio personnel de Lucas Delvallet. Jouez \u00e0 plus de 10 ans de jeux vid\u00e9o ind\u00e9pendant d\u00e9velopp\u00e9 par moi-m\u00eame","breadcrumb":{"@id":"https:\/\/lucasdelvallet.fr\/#breadcrumb"},"inLanguage":"fr-FR","potentialAction":[{"@type":"ReadAction","target":["https:\/\/lucasdelvallet.fr\/"]}]},{"@type":"BreadcrumbList","@id":"https:\/\/lucasdelvallet.fr\/#breadcrumb","itemListElement":[{"@type":"ListItem","position":1,"name":"Accueil","item":"https:\/\/lucasdelvallet.fr\/"},{"@type":"ListItem","position":2,"name":"Portfolio"}]},{"@type":"WebSite","@id":"https:\/\/lucasdelvallet.fr\/#website","url":"https:\/\/lucasdelvallet.fr\/","name":"Lucas Delvallet","description":"Portfolio","publisher":{"@id":"https:\/\/lucasdelvallet.fr\/#\/schema\/person\/4c41ef0fe366efcc46e85921ea0070c5"},"potentialAction":[{"@type":"SearchAction","target":{"@type":"EntryPoint","urlTemplate":"https:\/\/lucasdelvallet.fr\/?s={search_term_string}"},"query-input":{"@type":"PropertyValueSpecification","valueRequired":true,"valueName":"search_term_string"}}],"inLanguage":"fr-FR"},{"@type":["Person","Organization"],"@id":"https:\/\/lucasdelvallet.fr\/#\/schema\/person\/4c41ef0fe366efcc46e85921ea0070c5","name":"Lucas Delvallet","image":{"@type":"ImageObject","inLanguage":"fr-FR","@id":"https:\/\/lucasdelvallet.fr\/wp-content\/uploads\/2023\/09\/cropped-Moi-Pixel-Grand-Blanc-2.png","url":"https:\/\/lucasdelvallet.fr\/wp-content\/uploads\/2023\/09\/cropped-Moi-Pixel-Grand-Blanc-2.png","contentUrl":"https:\/\/lucasdelvallet.fr\/wp-content\/uploads\/2023\/09\/cropped-Moi-Pixel-Grand-Blanc-2.png","width":512,"height":512,"caption":"Lucas Delvallet"},"logo":{"@id":"https:\/\/lucasdelvallet.fr\/wp-content\/uploads\/2023\/09\/cropped-Moi-Pixel-Grand-Blanc-2.png"},"sameAs":["http:\/\/lucasdelvallet.fr"]}]}},"_links":{"self":[{"href":"https:\/\/lucasdelvallet.fr\/index.php\/wp-json\/wp\/v2\/pages\/22","targetHints":{"allow":["GET"]}}],"collection":[{"href":"https:\/\/lucasdelvallet.fr\/index.php\/wp-json\/wp\/v2\/pages"}],"about":[{"href":"https:\/\/lucasdelvallet.fr\/index.php\/wp-json\/wp\/v2\/types\/page"}],"author":[{"embeddable":true,"href":"https:\/\/lucasdelvallet.fr\/index.php\/wp-json\/wp\/v2\/users\/1"}],"replies":[{"embeddable":true,"href":"https:\/\/lucasdelvallet.fr\/index.php\/wp-json\/wp\/v2\/comments?post=22"}],"version-history":[{"count":2,"href":"https:\/\/lucasdelvallet.fr\/index.php\/wp-json\/wp\/v2\/pages\/22\/revisions"}],"predecessor-version":[{"id":236,"href":"https:\/\/lucasdelvallet.fr\/index.php\/wp-json\/wp\/v2\/pages\/22\/revisions\/236"}],"wp:attachment":[{"href":"https:\/\/lucasdelvallet.fr\/index.php\/wp-json\/wp\/v2\/media?parent=22"}],"curies":[{"name":"wp","href":"https:\/\/api.w.org\/{rel}","templated":true}]}}